) a prime number?
False
Suppose 0 = -119*u - 83*u + 591254. Is u a prime number?
True
Let q(f) = 35*f**2 - 94*f + 3349. Is q(42) a composite number?
False
Let n(r) = 112*r**3 - 19*r**2 - 4*r + 57. Is n(8) prime?
False
Is ((-9)/(-63))/((-6)/21)*-179886 - -2 a prime number?
False
Let k(i) = 3*i**3 + 38*i**2 + 53*i + 1. Is k(22) a prime number?
True
Let u(z) = 1277*z**2 - 30*z + 217. Is u(12) a prime number?
False
Let k be 1/(-3) - (-222)/18. Suppose 0 = k*i - 3426 - 13542. Suppose 4*f - 3*j - i = -2*j, -708 = -2*f + j. Is f a prime number?
True
Suppose 0 = 9*t - 2784524 + 94847. Is t composite?
False
Let r be (-854)/(-34) + 24/(-204). Let j(s) = s**3 - 17*s**2 - 31*s - 30. Is j(r) prime?
False
Suppose 106*i - 5*d = 107*i - 192702, 5*d + 963360 = 5*i. Is i a composite number?
False
Suppose 4*d + p = 3, d - 4 = 2*p + 8. Suppose -5*i + 36547 = d*i. Is i composite?
True
Suppose 0 = 9*g - 450 + 972. Let k(o) = 27*o**2 - o - 155. Is k(g) a prime number?
True
Let l(a) = 42299*a - 1013. Is l(8) a prime number?
False
Let v = 27 + -13. Let p(l) = 47*l - 44. Let u be p(v). Let h = 1071 - u. Is h a prime number?
True
Suppose -360435 + 58315 = -119*y + 1261659. Is y prime?
False
Let b(m) = -m**3 - 12*m**2 - 3*m + 35. Let p(h) = 7*h**2 - 3*h + 20. Let r(t) = -6*t**2 + 4*t - 20. Let a(u) = 5*p(u) + 6*r(u). Let y be a(8). Is b(y) prime?
True
Suppose 14 = -5*r - 4*g - 0*g, 0 = -5*r - 3*g - 13. Is 1*(r - -2 - 0) - -5267 composite?
True
Let j(z) = -8*z**2 - 9*z + 18. Suppose -5*o + 33 = 3. Let w be j(o). Let s = 793 - w. Is s a prime number?
True
Let b(i) = -7540*i + 3353. Is b(-20) a composite number?
False
Let z = 39 - 43. Let s be (z - (1 + 0))*12/15. Is (-5420)/(-16) - 1/s composite?
True
Let u(l) = -106*l - 45. Suppose -5*d - 5*v - 109 = 41, -5*d = 3*v + 146. Is u(d) composite?
True
Is (-2 - 3/(-2)) + (-60354)/(-28) a composite number?
True
Let m(b) = -b - 18. Let y be m(-23). Suppose y*j + v - 2*v = 28555, 0 = -2*j - v + 11422. Is j prime?
True
Let z(c) = 148*c + 1. Let u(r) = -2*r + 34. Let d be u(17). Suppose d*o + 27 = 9*o. Is z(o) a prime number?
False
Let z(x) = 13739*x**2 + 5*x + 2. Let i be z(-1). Suppose -4*r - 3*y - y + i = 0, r + 2*y - 3435 = 0. Is r a prime number?
True
Suppose -2*x - 22 = -5*f + 11, 2*x + 5*f + 23 = 0. Is 4/x - (-186326)/98 a composite number?
False
Let v = -3539 + 6186. Is v a composite number?
False
Let n = -33 + 34. Let r(p) = -2*p + 2*p - 2*p + p**2 - n - 3*p. Is r(-10) composite?
False
Suppose 3*k = -b + 7505, 2*k - 3*k + 2480 = -4*b. Suppose -4*x + 1772 = -4*f - k, 2*x = f + 1066. Let g = f - -1813. Is g prime?
True
Is (-17)/(-136)*-16*(-1564557)/6 a composite number?
False
Let p(h) = 59879*h**2 + 14*h - 2. Is p(-1) a composite number?
False
Let x = 39264 - -219125. Is x a prime number?
True
Let l = -963 - -797. Let p = 161 - 292. Let u = p - l. Is u a prime number?
False
Let z be (-2 - -2 - -5) + 2. Suppose v + 7 = 5*k - 0*v, 2*k + v = z. Suppose -4*i + k*g = -3*i - 247, -3*g = -i + 242. Is i composite?
False
Let q(t) = -t**3 + 36*t**2 + 36*t + 36. Let a be q(37). Is 6 - a/((-6)/(-3078)) composite?
True
Let q be 18/(-1)*(-4)/6. Let j be q/24*(0 + 0). Suppose j = -4*u + 1914 + 410. Is u a prime number?
False
Suppose 14*z = 1504294 + 386252. Is z composite?
True
Suppose -3219 - 27 = -3*x. Let v = x - -215. Suppose 5*o + w - v = 0, 4 = 3*w - 2. Is o a prime number?
False
Suppose y + y = 2, 5789 = 4*x + 5*y. Suppose 0 = -9*q - x + 35745. Is q composite?
True
Suppose 35 = -20*o - 5. Is o - 5/((-20)/39252) a composite number?
False
Suppose 3*x + 687 = -3*f, 8*f = 10*f + 3*x + 455. Let t = 623 + f. Is t prime?
False
Let q(k) = -k**3 - 3*k**2 - k + 5. Let z be q(-4). Let u be (20/25)/1*z/(-2). Is 4/u + (-3074)/(-10) a composite number?
False
Let d be (176/30 - 1) + 30/225. Suppose 5*i + 2 + 3 = 5*r, 0 = -d*r - 2*i + 40. Suppose -r*p - 825 = -2259. Is p prime?
True
Suppose -55*q + 0*q = 0. Suppose -2*r + 29592 = 6*m - 3*m, q = r + m - 14795. Is r prime?
False
Suppose r - 2*s - 518 = 0, 4*r - s - 1204 - 896 = 0. Suppose 8*v = r + 6658. Is v a prime number?
False
Let o(j) = 34*j**2 + j + 5. Let t = -76 + 80. Suppose 6*z - t*z - 4 = 0. Is o(z) composite?
True
Let j be 4915 + (-1 - (-1 - -3)). Suppose -29*v = -27*v - j. Suppose 5*q = 5*k - 6145, 0*k + q + v = 2*k. Is k a prime number?
False
Suppose 3*i + 11035 = 2*b, -94*b = -91*b + 3*i - 16530. Is b composite?
True
Let r(b) = -13485*b. Let z be r(-9). Suppose 18*g - 9189 = z. Is g a prime number?
True
Suppose i + 93 = 2. Let r = 96 + i. Let o(h) = 119*h - 50. Is o(r) prime?
False
Suppose 0 = 48067*w - 48052*w - 609885. Is w a composite number?
True
Let j = 156900 + 167693. Is j a composite number?
False
Let g = 148597 - 82616. Is g a composite number?
False
Let m = -30 - -34. Suppose 17 + 80 = -k - 5*y, 4 = m*y. Let j = 155 + k. Is j composite?
False
Let y be -1 + 4 - (2 - 1). Suppose 27876 = -y*z + 14*z. Is z prime?
False
Suppose -v + 2097 = -5*k - 5330, 4*k = -2*v + 14854. Is v prime?
False
Let u(p) = -7338*p + 4. Let w be u(-1). Let v = -35 + w. Is v a composite number?
False
Let o = -30 - -32. Let s(t) = -5 - t**3 + t + 8*t + o*t**2 + 3*t. Is s(-6) composite?
False
Let y be 12/72 + (-22)/(-12). Suppose -5*x + 4*f = -1920, 6*x - 3*x + y*f = 1130. Is (-1 + x)*1 + 2 a composite number?
True
Suppose v + 5*u - 10 = 2*u, -v + 14 = 5*u. Let x be (2 + v + -525)*-1. Is 3 + (x - (2 - 1)) composite?
False
Is 3*4/168 + (-3752271025)/(-1190) composite?
False
Let y = 4045 + -3504. Is y a prime number?
True
Suppose 51*f - 171*f - 57*f + 8505381 = 0. Is f composite?
True
Suppose -o - 32 = -26, 2*o = a - 8291. Is a a prime number?
False
Suppose 7*p - 2*p + 15 = 0. Is p/(18/(-30)) + -1 + 5665 a composite number?
False
Let y(k) = 2*k**3 - 15*k**2 + 20*k - 63. Let s(i) = i**2 + 10*i - 8. Let m be s(-12). Is y(m) a prime number?
False
Suppose -80*b = -81*b + 10. Suppose 9*s = b*s - 4109. Is s composite?
True
Let x = 138 - 138. Suppose -19*l + 3502 + 697 = x. Is l a composite number?
True
Suppose 3*u - 630 = -3*i, -637 = -4*u - 2*i + 207. Let j = u + 965. Is j a composite number?
True
Suppose 4*q + 225 + 413 = 3*o, 4*o = 5*q + 850. Suppose -5*w + 3*w = -3*w. Is (w - 2) + (-9)/((-54)/o) composite?
True
Let l(x) = -5*x**2 - 15*x + 10. Let z be l(7). Let s = z + 717. Is s a composite number?
True
Let p(v) = 5708*v + 921. Is p(76) composite?
True
Let s = 49643 - -603134. Is s a composite number?
True
Is 244717/(-44)*(-29 - -9) composite?
True
Let p(y) = 2*y**3 - 11*y**2 + 4*y + 4. Let c be p(5). Let o(s) = -4765*s**2 - 2*s + 1. Let z be o(1). Is z/(-4) + 2 - c/(-2) prime?
True
Let b(k) be the first derivative of 208*k**3/3 + 21*k**2/2 - 101*k - 193. Is b(6) a composite number?
True
Let b be (-2)/((140/21)/10). Is b - (12/30 + 8272/(-5)) a composite number?
True
Suppose -m + 2*m - 4*d + 73 = 0, 5*m - 5*d + 305 = 0. Let b = -2737 + 1203. Let c = m - b. Is c a prime number?
False
Suppose 0 = 49*m - 5897776 - 14489703. Is m a prime number?
True
Let y be -4 - (20/(-8) + (-9)/6). Suppose y = 10*j - 37304 + 7584. Suppose 13*o = 9*o + j. Is o prime?
True
Suppose 1049552 = 4*a + 4*p, -4*a - p + 878346 = -171233. Is a a prime number?
False
Let f be ((8505/28)/(-15))/(1/4). Let u = f + 208. Is u prime?
True
Let b(h) = 4*h**2 - 24*h + 2. Let n be b(6). Suppose -19064 = -2*u + 3*i + n*i, 0 = -5*u - 2*i + 47631. Is u composite?
True
Suppose -3001540 = 26996*p - 27016*p. Is p a composite number?
False
Let x(t) = 3*t**3 + 22*t**2 + 16*t + 17. Let w be x(-15). Let c = w + 9551. Is c composite?
False
Suppose -2*g + 3*g = -5*q + 52, -g - 8 = -q. Suppose 15 = -5*s - q, -2*x = 3*s - 18215. Is x a prime number?
False
Suppose -7556 - 111804 = -4*y. Let z = y + -6994. Is z a prime number?
False
Suppose -84423 - 33037 = -4*h - 24*h. Is h composite?
True
Let g(v) = 1533*v - 2558. Is g(111) a composite number?
True
Let c = -7678 + 18189. Is c prime?
False
Let k = 83883 + -48154. Is k a composite number?
False
Suppose 0 = -t + 8*t - 56. Suppose 3*y - 2*h + 29 = -t, -2*h = -y - 19. Let w(v) = -2*v**3 - 9*v**2 + 5*v - 11. Is w(y) prime?
True
Let n = -119103 + 194182. Is n a prime number?
True
Suppose 42*f = 50*f - 4760. Suppose 0 = -n + 5386 + f. Is n a prime number?
True
Suppose 9*t - 5*d = 13*t - 11438647, -t + 2859763 = -10*d. 